e prime factors of 1914.
2, 3, 11, 29
What are the prime factors of 6907?
6907
What are the prime factors of 131328?
2, 3, 19
List the prime factors of 60292.
2, 15073
List the prime factors of 90128.
2, 43, 131
List the prime factors of 1977.
3, 659
List the prime factors of 5307.
3, 29, 61
What are the prime factors of 3247?
17, 191
List the prime factors of 61641.
3, 761
What are the prime factors of 19641?
3, 6547
What are the prime factors of 817?
19, 43
What are the prime factors of 2547?
3, 283
List the prime factors of 1517.
37, 41
What are the prime factors of 43779?
3, 14593
List the prime factors of 13866.
2, 3, 2311
List the prime factors of 1710.
2, 3, 5, 19
List the prime factors of 37261.
7, 5323
List the prime factors of 6907.
6907
What are the prime factors of 43719?
3, 13, 19, 59
List the prime factors of 99854.
2, 49927
What are the prime factors of 50838?
2, 3, 37, 229
What are the prime factors of 581?
7, 83
What are the prime factors of 19980?
2, 3, 5, 37
What are the prime factors of 294?
2, 3, 7
What are the prime factors of 18041?
18041
List the prime factors of 17391.
3, 11, 17, 31
List the prime factors of 9345.
3, 5, 7, 89
List the prime factors of 16669.
79, 211
List the prime factors of 2723.
7, 389
List the prime factors of 3056.
2, 191
List the prime factors of 24400.
2, 5, 61
What are the prime factors of 1119?
3, 373
What are the prime factors of 24477?
3, 41, 199
List the prime factors of 3417.
3, 17, 67
What are the prime factors of 668?
2, 167
List the prime factors of 2576.
2, 7, 23
List the prime factors of 896.
2, 7
What are the prime factors of 1237?
1237
List the prime factors of 539.
7, 11
List the prime factors of 1052.
2, 263
List the prime factors of 81456.
2, 3, 1697
List the prime factors of 482.
2, 241
List the prime factors of 1337.
7, 191
What are the prime factors of 1027?
13, 79
What are the prime factors of 1961?
37, 53
List the prime factors of 4605.
3, 5, 307
What are the prime factors of 2397?
3, 17, 47
List the prime factors of 2165.
5, 433
List the prime factors of 7392.
2, 3, 7, 11
What are the prime factors of 14707?
7, 11, 191
What are the prime factors of 38797?
11, 3527
List the prime factors of 3346.
2, 7, 239
List the prime factors of 76046.
2, 47, 809
What are the prime factors of 88?
2, 11
List the prime factors of 148.
2, 37
What are the prime factors of 7625?
5, 61
List the prime factors of 135972.
2, 3, 1259
What are the prime factors of 2285?
5, 457
What are the prime factors of 135794?
2, 43, 1579
List the prime factors of 11630.
2, 5, 1163
List the prime factors of 1086.
2, 3, 181
What are the prime factors of 116281?
11, 31
List the prime factors of 107196.
2, 3, 8933
What are the prime factors of 11646?
2, 3, 647
What are the prime factors of 22298?
2, 11149
List the prime factors of 6522.
2, 3, 1087
List the prime factors of 639.
3, 71
List the prime factors of 2371.
2371
List the prime factors of 43235.
5, 8647
List the prime factors of 2056.
2, 257
List the prime factors of 102312.
2, 3, 7, 29
List the prime factors of 99639.
3, 11071
What are the prime factors of 978?
2, 3, 163
What are the prime factors of 1849?
43
List the prime factors of 44541.
3, 7, 101
What are the prime factors of 16155?
3, 5, 359
What are the prime factors of 271?
271
What are the prime factors of 4266?
2, 3, 79
List the prime factors of 951.
3, 317
What are the prime factors of 471?
3, 157
What are the prime factors of 3588?
2, 3, 13, 23
What are the prime factors of 698?
2, 349
What are the prime factors of 64281?
3, 7, 3061
List the prime factors of 9448.
2, 1181
What are the prime factors of 34981?
34981
List the prime factors of 105345.
3, 5, 2341
What are the prime factors of 1214?
2, 607
What are the prime factors of 27101?
41, 661
List the prime factors of 15067.
13, 19, 61
List the prime factors of 9909.
3, 367
What are the prime factors of 2610?
2, 3, 5, 29
List the prime factors of 1722.
2, 3, 7, 41
List the prime factors of 19176.
2, 3, 17, 47
List the prime factors of 2132.
2, 13, 41
List the prime factors of 2584.
2, 17, 19
What are the prime factors of 194127?
3, 64709
What are the prime factors of 9429?
3, 7, 449
List the prime factors of 12934.
2, 29, 223
What are the prime factors of 516?
2, 3, 43
List the prime factors of 8636.
2, 17, 127
List the prime factors of 2734.
2, 1367
What are the prime factors of 9173?
9173
What are the prime factors of 1721?
1721
List the prime factors of 15420.
2, 3, 5, 257
What are the prime factors of 34880?
2, 5, 109
List the prime factors of 8709.
3, 2903
List the prime factors of 1057.
7, 151
What are the prime factors of 190063?
190063
What are the prime factors of 4942?
2, 7, 353
List the prime factors of 18730.
2, 5, 1873
What are the prime factors of 1660?
2, 5, 83
List the prime factors of 3112.
2, 389
List the prime factors of 72963.
3, 11, 67
What are the prime factors of 20503?
7, 29, 101
List the prime factors of 103881.
3, 31, 1117
What are the prime factors of 3292?
2, 823
List the prime factors of 28552.
2, 43, 83
List the prime factors of 1168.
2, 73
What are the prime factors of 611?
13, 47
What are the prime factors of 287?
7, 41
What are the prime factors of 3253?
3253
List the prime factors of 1077.
3, 359
List the prime factors of 15.
3, 5
List the prime factors of 1069.
1069
What are the prime factors of 3204?
2, 3, 89
List the prime factors of 309.
3, 103
List the prime factors of 1620.
2, 3, 5
List the prime factors of 5884.
2, 1471
What are the prime factors of 1462?
2, 17, 43
What are the prime factors of 166?
2, 83
What are the prime factors of 37318?
2, 47, 397
What are the prime factors of 40396?
2, 10099
What are the prime factors of 100119?
3, 23, 1451
List the prime factors of 1560.
2, 3, 5, 13
What are the prime factors of 4824?
2, 3, 67
List the prime factors of 3524.
2, 881
What are the prime factors of 2806?
2, 23, 61
List the prime factors of 2325.
3, 5, 31
What are the prime factors of 1485?
3, 5, 11
List the prime factors of 54346.
2, 29, 937
What are the prime factors of 1614?
2, 3, 269
What are the prime factors of 1743?
3, 7, 83
List the prime factors of 1068.
2, 3, 89
List the prime factors of 1371.
3, 457
List the prime factors of 5312.
2, 83
List the prime factors of 10286.
2, 37, 139
What are the prime factors of 18016?
2, 563
What are the prime factors of 1072?
2, 67
What are the prime factors of 1374?
2, 3, 229
What are the prime factors of 37374?
2, 3, 6229
What are the prime factors of 700?
2, 5, 7
What are the prime factors of 13062?
2, 3, 7, 311
List the prime factors of 1109.
1109
List the prime factors of 32422.
2, 13, 29, 43
What are the prime factors of 1800?
2, 3, 5
List the prime factors of 3398.
2, 1699
What are the prime factors of 834?
2, 3, 139
What are the prime factors of 9400?
2, 5, 47
List the prime factors of 17257.
17257
List the prime factors of 155261.
17, 9133
List the prime factors of 9275.
5, 7, 53
List the prime factors of 5757.
3, 19, 101
What are the prime factors of 2769?
3, 13, 71
List the prime factors of 118607.
83, 1429
List the prime factors of 1210.
2, 5, 11
List the prime factors of 8020.
2, 5, 401
List the prime factors of 27921.
3, 41, 227
What are the prime factors of 59735?
5, 13, 919
What are the prime factors of 438?
2, 3, 73
What are the prime factors of 37116?
2, 3, 1031
What are the prime factors of 8859?
3, 2953
What are the prime factors of 313?
313
What are the prime factors of 7094?
2, 3547
What are the prime factors of 284?
2, 71
What are the prime factors of 5697?
3, 211
List the prime factors of 18964.
2, 11, 431
List the prime factors of 7253.
7253
List the prime factors of 48461.
7, 23, 43
List the prime factors of 47494.
2, 23747
What are the prime factors of 12535?
5, 23, 109
List the prime factors of 880.
2, 5, 11
List the prime factors of 17280.
2, 3, 5
List the prime factors of 4238.
2, 13, 163
List the prime factors of 7168.
2, 7
What are the prime factors of 48529?
13, 3733
What are the prime factors of 296?
2, 37
List the prime factors of 161.
7, 23
List the prime factors of 3009.
3, 17, 59
What are the prime factors of 12257?
7, 17, 103
List the prime factors of 1984.
2, 31
List the prime factors of 14342.
2, 71, 101
List the 